ands digit of 928319865?
3
What is the units digit of 126347071?
1
What is the ten thousands digit of 15851170?
5
What is the ten thousands digit of 38250152?
5
What is the tens digit of 266439520?
2
What is the thousands digit of 55418366?
8
What is the billions digit of 3562711199?
3
What is the thousands digit of 121599490?
9
What is the hundred thousands digit of 522832327?
8
What is the hundreds digit of 979442406?
4
What is the hundreds digit of 855199020?
0
What is the tens digit of 1212960265?
6
What is the tens digit of 10777252?
5
What is the thousands digit of 322790393?
0
What is the millions digit of 128938449?
8
What is the hundred millions digit of 124888948?
1
What is the ten millions digit of 13824410?
1
What is the hundreds digit of 165748184?
1
What is the millions digit of 138897907?
8
What is the ten thousands digit of 25290045?
9
What is the ten millions digit of 302654214?
0
What is the hundreds digit of 1793811305?
3
What is the units digit of 192102953?
3
What is the hundreds digit of 2570226912?
9
What is the ten thousands digit of 13851197?
5
What is the hundreds digit of 83143387?
3
What is the millions digit of 329188375?
9
What is the thousands digit of 77844821?
4
What is the ten millions digit of 222688561?
2
What is the ten thousands digit of 336439120?
3
What is the hundreds digit of 1292256116?
1
What is the thousands digit of 30231116?
1
What is the ten thousands digit of 52992344?
9
What is the hundred millions digit of 2110092796?
1
What is the hundred thousands digit of 498485387?
4
What is the hundreds digit of 1003405524?
5
What is the millions digit of 1174316772?
4
What is the hundred millions digit of 277733879?
2
What is the ten thousands digit of 406290623?
9
What is the thousands digit of 71328053?
8
What is the units digit of 109283983?
3
What is the millions digit of 90608449?
0
What is the billions digit of 2973445802?
2
What is the ten thousands digit of 238758621?
5
What is the tens digit of 30220670?
7
What is the hundred thousands digit of 960066790?
0
What is the ten thousands digit of 2617962636?
6
What is the units digit of 3687160408?
8
What is the units digit of 45976387?
7
What is the ten millions digit of 375801604?
7
What is the units digit of 857379931?
1
What is the ten thousands digit of 94892067?
9
What is the millions digit of 38711997?
8
What is the thousands digit of 4288487?
8
What is the hundreds digit of 1923642341?
3
What is the ten thousands digit of 184328884?
2
What is the hundreds digit of 281923784?
7
What is the units digit of 29922034?
4
What is the billions digit of 9094557343?
9
What is the tens digit of 348844743?
4
What is the hundred thousands digit of 55111937?
1
What is the tens digit of 13097152?
5
What is the thousands digit of 285580672?
0
What is the thousands digit of 436330481?
0
What is the ten millions digit of 788716429?
8
What is the hundreds digit of 4892526984?
9
What is the hundred millions digit of 3436762152?
4
What is the hundred thousands digit of 8494472201?
4
What is the thousands digit of 1054979910?
9
What is the tens digit of 685245912?
1
What is the ten thousands digit of 54913589?
1
What is the billions digit of 2857856179?
2
What is the hundred thousands digit of 39925779?
9
What is the hundreds digit of 1415862928?
9
What is the hundreds digit of 824296?
2
What is the units digit of 396925206?
6
What is the hundreds digit of 146520459?
4
What is the ten thousands digit of 31246117?
4
What is the ten thousands digit of 40946626?
4
What is the hundred thousands digit of 560986650?
9
What is the hundred thousands digit of 252075719?
0
What is the hundred millions digit of 1069528452?
0
What is the millions digit of 1623759409?
3
What is the hundreds digit of 30911541?
5
What is the hundred millions digit of 175119825?
1
What is the units digit of 451569496?
6
What is the hundred thousands digit of 92571314?
5
What is the hundred millions digit of 832057925?
8
What is the hundred thousands digit of 36739854?
7
What is the hundreds digit of 12890040?
0
What is the ten thousands digit of 4262585071?
8
What is the ten thousands digit of 4167578634?
7
What is the ten thousands digit of 77417873?
1
What is the ten millions digit of 656991282?
5
What is the tens digit of 55345942?
4
What is the hundred thousands digit of 1227039961?
0
What is the tens digit of 2011210758?
5
What is the hundreds digit of 1380198403?
4
What is the units digit of 355725706?
6
What is the hundreds digit of 100403249?
2
What is the ten millions digit of 286927690?
8
What is the units digit of 26837449?
9
What is the hundred thousands digit of 1763032182?
0
What is the hundred millions digit of 1101081466?
1
What is the units digit of 298827644?
4
What is the ten millions digit of 66103040?
6
What is the millions digit of 195668493?
5
What is the millions digit of 48836797?
8
What is the hundreds digit of 638049374?
3
What is the thousands digit of 1397570347?
0
What is the millions digit of 19198818?
9
What is the hundred millions digit of 132445117?
1
What is the hundred thousands digit of 14178069?
1
What is the units digit of 86926371?
1
What is the hundred millions digit of 824091446?
8
What is the tens digit of 8412033?
3
What is the hundred millions digit of 4769761711?
7
What is the millions digit of 117954595?
7
What is the hundred thousands digit of 50218520?
2
What is the hundred thousands digit of 4556830594?
8
What is the ten thousands digit of 829976311?
7
What is the hundreds digit of 87324281?
2
What is the thousands digit of 28552767?
2
What is the thousands digit of 3617428177?
8
What is the hundred thousands digit of 912256147?
2
What is the units digit of 4907203392?
2
What is the units digit of 642226824?
4
What is the hundreds digit of 24399317?
3
What is the hundred thousands digit of 316514074?
5
What is the millions digit of 270376435?
0
What is the hundreds digit of 25286584?
5
What is the ten millions digit of 98225802?
9
What is the thousands digit of 24344019?
4
What is the tens digit of 1044141089?
8
What is the tens digit of 172731344?
4
What is the units digit of 466491670?
0
What is the ten thousands digit of 722125505?
2
What is the units digit of 79845567?
7
What is the hundred thousands digit of 21038038?
0
What is the thousands digit of 522399073?
9
What is the ten millions digit of 342165731?
4
What is the hundred millions digit of 785204887?
7
What is the millions digit of 354699738?
4
What is the hundred millions digit of 5395931793?
3
What is the tens digit of 6172494?
9
What is the tens digit of 192286488?
8
What is the millions digit of 29548619?
9
What is the thousands digit of 2399059701?
9
What is the tens digit of 37988952?
5
What is the hundreds digit of 213555239?
2
What is the tens digit of 288162110?
1
What is the hundred thousands digit of 9641408?
6
What is the hundreds digit of 2758465715?
7
What is the thousands digit of 7535859657?
9
What is the units digit of 5994450?
0
What is the hundred millions digit of 282892742?
2
What is the hundred millions digit of 253878984?
2
What is the millions digit of 1359452476?
9
What is the ten thousands digit of 1095067143?
6
What is the thousands digit of 10734308?
4
What is the tens digit of 1891577501?
0
What is the ten thousands digit of 1355472236?
7
What is the ten thousands digit of 3024324?
2
What is the thousands digit of 3246574672?
4
What is the hundred thousands digit of 152207750?
2
What is the ten millions digit of 43496203?
4
What is the millions digit of 1711812752?
1
What is the millions digit of 91498671?
1
What is the ten millions digit of 493951660?
9
What is the hundreds digit of 44207693?
6
What is the tens digit of 443766335?
3
What is the ten millions digit of 23871680?
2
What is the thousands digit of 1011867749?
7
What is the tens digit of 218144254?
5
What is the thousands digit of 224372439?
2
What is the thousands digit of 169830353?
0
What is the millions digit of 25352896?
5
What is the millions digit of 15236399?
5
What is the millions digit of 29551414?
9
What is the tens digit of 257393617?
1
What is the ten millions digit of 719348892?
1
What is the ten thousands digit of 14323111?
2
What is the millions digit of 802749000?
2
What is 